379 = -7*m - c. What is the tens digit of m?
3
What is the thousands digit of (-25)/(15/3) + 10663 + 4?
0
Let f be (-3)/(-4) - (3 + (-90)/8). Let r(k) = -k**2 + 19*k - 12. What is the tens digit of r(f)?
7
Suppose 13*w + 10*w = -0*w + 273033. What is the ten thousands digit of w?
1
Let z(a) = -6 - 9*a + 7 - 10 - 9. Suppose 0 = -24*u + 19*u - 50. What is the units digit of z(u)?
2
Suppose 0 = y - 0*y - 3, -b + 4*y = -885. Suppose -5*j - 4*u + 891 = -2*u, -b = -5*j + u. What is the hundreds digit of j?
1
Let m(y) = 2289*y**2 + 413*y + 2048. What is the ten thousands digit of m(-5)?
5
Suppose 0 = 3*o - 9, o = 3*q + 6*o - 1014. What is the units digit of (-200)/(-30)*q/6?
0
What is the tens digit of ((-68)/51)/(4/(-13134))?
7
What is the hundreds digit of 9778 + 1 + (2/10 - (-30)/(-25))?
7
Let p = 1923 - 1192. What is the units digit of p?
1
Suppose 13*p = 10*p - 5*v + 68015, 0 = 5*p + 4*v - 113380. What is the thousands digit of p?
2
Suppose 9*p + 9*p - 38790 = 0. Let y = p - 1445. What is the units digit of y?
0
Let g(n) = -n**3 - 2*n**2 + 55. Suppose -22*s = -24*s. Let i be g(s). Suppose 4*b = -4*w + 652, -2*b - i = -w + 117. What is the hundreds digit of w?
1
Let p(l) = -92*l - 555. What is the hundreds digit of p(-137)?
0
Let t(p) = 29*p**2 - 59 + 12*p + 29*p + 2*p**3 - 3*p**3. What is the tens digit of t(30)?
7
Suppose 0 = 2*y + 5*m - 24794, -3*y - 3*m = 10962 - 48126. What is the hundreds digit of y?
3
Let q(a) = -a + 6. Let v be q(2). Suppose -3*l = -5*u + 68, -4*u + 64 = l - v. Suppose 4*x + u = 0, -2*b - x = -0*x - 56. What is the tens digit of b?
3
Let r(a) = -a**3 + 4*a**2 + 2*a + 11. Let b be r(5). Let s(f) = -8*f - 3. Let i be s(b). Suppose -28*h = -i*h + 19. What is the tens digit of h?
1
Let h = -2090 + 2936. Suppose 2*l = h + 308. What is the tens digit of l?
7
What is the thousands digit of (-4076)/(-3)*(-51)/(-272)*(3 + 29)?
8
Let s(k) = -113*k - 162. Suppose -91 = -31*h + 44*h. What is the units digit of s(h)?
9
Let y = -496 - -358. What is the units digit of y/92*(-479 - 1)?
0
What is the tens digit of ((-1147760)/(-125) - 6) + ((-84)/(-175))/(-6)?
7
Suppose 5*f - 3*q = 4013 + 33322, -4*f - 5*q = -29905. What is the tens digit of f?
7
Let f(q) = 18 + 22 - 71*q - 19 + 4*q**2 + 19. What is the units digit of f(23)?
3
Let p(s) = 1581*s + 4507. What is the tens digit of p(22)?
8
Suppose -406*b - 217*b + 205*b + 38038 = 0. What is the units digit of b?
1
Suppose -s = -4, -4*r + 2*s + 140 = 5*s. Suppose r*b = 53*b - 5355. What is the hundreds digit of b?
2
Suppose -l - 8 = -5*g, 3*l = -4*g + 7*g. Let r(y) = 465*y - 15. What is the hundreds digit of r(g)?
9
Suppose -1322896 = -252*t + 4283852. What is the units digit of t?
9
Suppose -4*q + 36 = -q + 3*x, q + 4*x = 24. Suppose q = -6*c - 118. What is the units digit of 1*-7*(11 + c)?
0
Let y = 274 + -370. What is the units digit of 14459/11 - y/176?
5
Let l(f) = -1432*f - 769. What is the tens digit of l(-14)?
7
Let d(u) = u**3 - 2*u**2 - 2*u + 3. Let p(g) = -g + 4. Let s be p(2). Let h be d(s). Let o = h + 68. What is the units digit of o?
7
Suppose -5*h = -3*a + 39653, 33 = 4*h + 61. What is the thousands digit of a?
3
Suppose -116*n - 3*k - 19090 = -120*n, 3*n + 5*k = 14332. What is the tens digit of n?
7
Let g = -57 - -52. Let t(h) = -2 - 5*h**2 - 382*h + 1 - 2*h**3 + 378*h. What is the units digit of t(g)?
4
Let l(t) = -73*t + 886. What is the hundreds digit of l(-76)?
4
Let l be (-20)/8*201/5*2. Let j = -78 - l. What is the tens digit of j?
2
Let t be ((-30)/8)/(308/(-32) + 10). What is the tens digit of -136*15/t*4?
1
Suppose -722554 = 82*d - 4273646. What is the tens digit of d?
0
Let c be 73/5 - (-14)/35. Let y be 507*2*5/c. Suppose 4*a - y = -54. What is the units digit of a?
1
What is the ten thousands digit of (155/93)/(2 - (-672007)/(-336021))?
1
Let c(n) be the first derivative of -2*n**2 + 26*n - 9. Let k be c(6). What is the tens digit of 3/1 - (-107 - k)?
1
Suppose -v = b + 6 - 11, 4*v + 3*b = 15. Suppose v = -4*u + 3*w + 3735, -w - 5 = 4*w. What is the units digit of u?
3
Suppose -4*w + 0*w = 3*d - 1576, -2100 = -4*d - 4*w. Suppose 0 = 3*c - 15, -5*u = 5*c - 346 - d. What is the units digit of u?
9
Suppose 46*t - 16541 = 56645. What is the hundreds digit of t?
5
Let t(i) = 7*i + 10. Let v be t(7). Suppose -41 - 46 = 4*y + 3*l, 3*y + l + v = 0. What is the units digit of (-12)/y - 265/(-3)?
9
Let n = 523 - 104. Suppose -51 + n = -c. What is the hundreds digit of (c/(-12))/((-3)/(54/(-3)))?
1
Let g(x) = -x + 1. Let y(h) = 35 + 5*h - 70 + 28. Let z(t) = -2*g(t) - y(t). What is the units digit of z(-3)?
4
Let x = 116 - -105. Suppose 3*v + 2*g + x = 0, -2*v - 91 = 2*g + 59. What is the tens digit of v/(-4) + (-6)/8?
1
Suppose 1047 + 225 = 3*y. Suppose -10*k - 1175 = -15*k. Let s = y - k. What is the hundreds digit of s?
1
Suppose 100 = 12*t + 52. Suppose 5*x - 4824 = -q, -t*q + 4432 = 3*x + 1524. What is the hundreds digit of x?
9
Let k(x) = 4*x**2 - 28*x + 12. Let t be 1*(-7 + 6)*(-3 - 2). Let h(y) = -y**2. Let j(i) = t*h(i) + k(i). What is the hundreds digit of j(-10)?
1
Suppose -3*f + 4*z = -44557, -12825 = 4*f - 6*z - 72235. What is the hundreds digit of f?
8
Suppose -1262 = 3*j - 4*j. Let t = j + -419. What is the units digit of t?
3
Let g(z) = -2*z**3 - 9*z**2 + 4*z + 7. Let v be g(-5). Suppose -1697 = -v*m - 353. What is the hundreds digit of m?
1
Let r = -86 - 126. Let o be 27 - r - (-5 - -1). Suppose 3*g + q - o = 0, -g - q = -0*g - 79. What is the units digit of g?
2
Let t(d) = d**3 + d**2 - 132. Let f be t(0). Let m = f - -247. Let u = -79 + m. What is the tens digit of u?
3
Let o = 10256 - 2668. What is the tens digit of o?
8
Suppose 0 = -5*s + 2*g + 1528, 4*s - s = -5*g + 892. Suppose 2*m = s + 1248. What is the tens digit of m?
7
Suppose 0 = 3*y + 12, -40*d - 5*y = -36*d + 6084. Let l = d + 2553. What is the tens digit of l?
3
What is the tens digit of (-7256705)/(-935) + 2/44*-4?
6
Suppose 11*q - 7*q - 99468 = -3*i, 4*i - 132599 = 3*q. What is the thousands digit of i?
3
Let q be ((-87)/(-2))/(4 + 130/(-40)). Suppose -224 = -6*n + q. What is the units digit of n?
7
What is the tens digit of 13844/2 - (-23 + 15 - -12)?
1
Suppose -2*h - 4*y + 29106 = 0, 7 = 3*y + 13. What is the units digit of h?
7
Let x = -30 + 35. Suppose 4*s = -4, 3*s - 13 + 6 = -x*z. Suppose 2*t - 52 = w, z*t = -2*w + 27 + 37. What is the tens digit of t?
2
Suppose 0 = 17*t - 336292 + 57628. What is the units digit of t?
2
Suppose 11536 = 2*b + 5*b. Suppose -o - 4*o + 1647 = -3*z, 0 = 5*o - 2*z - b. What is the units digit of o?
0
Let k = 174 - 142. Suppose 40*p = k*p + 1576. What is the tens digit of p?
9
Let r be 1 - (0/(-3) + -22). Suppose -22*t + r*t - 26 = 0. What is the units digit of t?
6
Let d(v) = -3*v**3 - 5*v**2 - 59*v - 545. What is the thousands digit of d(-11)?
3
What is the tens digit of 21886300/638 - (-12)/(-22) - -4?
0
Let b(l) = -3*l + 7*l**2 + 27*l**2 + 8 + 2*l - 11*l. Let u be b(4). Suppose -5*p - p + u = 0. What is the units digit of p?
4
Suppose b - 26227 = 394*g - 398*g, -2*g - 2*b + 13106 = 0. What is the tens digit of g?
5
Let y(m) = m**3 - 14*m**2 - 30*m - 24. Let s be y(16). Suppose 5*x + 4*z = 2354, s*z - 1442 = -3*x + 13*z. What is the units digit of x?
4
Let q be -2 - (-2 + -1 + 0). Suppose -4*n = -2*c + 86, -n - 4*c = -0*c - q. Let v = n - -23. What is the units digit of v?
4
Suppose 112 = -4*r + 40. What is the hundreds digit of ((-3)/r*-2)/(2/(-1854))?
3
Let l = -13177 - -65957. What is the tens digit of l?
8
Suppose 164 = 4*p + 32. Suppose -19 = 3*m + 8. Let j = p + m. What is the units digit of j?
4
Let r(w) = -2*w**3 + 103*w**2 + 49*w - 104. What is the tens digit of r(51)?
9
Suppose 0 = 12*b - 1740 - 3420. Suppose -419*j + b*j = 3740. What is the hundreds digit of j?
3
Let i = -200 - -200. Suppose -3*k = -4*l - 377, -k + i*k - 4*l + 115 = 0. What is the tens digit of k?
2
Let b(j) be the second derivative of -j**3/6 + 3*j**2/2 + 30*j. Let o be b(-2). Suppose -o*i - 262 = -7*i. What is the units digit of i?
1
What is the ten thousands digit of 29/(-493) - (-892912)/68?
1
Let f = 210 + -379. Let z = 454 + f. What is the hundreds digit of z?
2
Suppose -3*z = -0*l - 4*l + 114, 0 = 4*z - 6*l + 154. Let y(x) = -x**2 - 57*x - 98. What is the units digit